ded by 40.
39
Let t be 6/(21/(-7) + 5). Let d(a) = a**3 - 4*a**2 + 12. Let z = 1 - -5. What is the remainder when z is divided by d(t)?
0
What is the remainder when 391 + (4/(-7))/((-76)/266) is divided by 242?
151
Let j(m) = -4*m**2 + 34*m - 81. Let f be j(3). Calculate the remainder when 183 is divided by (f + (-40)/(-8))*19/(-2).
88
Suppose -4*j - 122 = u, -2*j - 210 = 3*u + 146. Let v = 201 + u. What is the remainder when v is divided by 33?
17
Suppose -30451 + 5523 = -82*d. Calculate the remainder when d is divided by 97.
13
Let b = -38 - -42. Suppose -b*o + 21 = -3. Suppose 2*d - o - 22 = 0. What is the remainder when 23 is divided by d?
9
Let d(v) = v**2 - 17*v - 40. Let z = -186 - -211. What is the remainder when d(z) is divided by 55?
50
Let a be ((-24)/(-10) + -3)/((-4)/40). Let t(o) = 3*o**2 - 12*o - 1. Calculate the remainder when t(a) is divided by 18.
17
Let w(h) = -5 + 0*h + 11 + 3*h + 0*h. Suppose 0 = 4*d - q - 522, -3*d = -4*q + 2*q - 389. Calculate the remainder when d is divided by w(7).
23
Suppose -3*u + 2*w = u - 62, 4*u = -3*w + 47. What is the remainder when (-44604)/(-324) - (2 - 28/12) is divided by u?
12
What is the remainder when (3935/20)/(39/1560) is divided by 16?
14
What is the remainder when 452243*(46/22 + (-3 - -1)) is divided by 38?
35
Let j = 246 + -211. What is the remainder when (-2008)/(-20) + 6/10 is divided by j?
31
Let r = -1234 - -2333. What is the remainder when r is divided by (-114)/(-4)*164/123?
35
Suppose 39*v - 23*v - 24*v = -1552. Calculate the remainder when v is divided by 9.
5
Let d be -9*(-1 + 4)/(12/(-4)). Calculate the remainder when 36 is divided by (-2)/4 + (-216)/(-16) + d.
14
Suppose -8*z + 3756 = -4*j, 792 + 1111 = 4*z + 3*j. Calculate the remainder when z is divided by 140.
52
Let p = 19 - -9. Let b(z) = z**3 + 6*z**2 - 2*z + 3. Suppose -16*f + 15*f = 6. Calculate the remainder when p is divided by b(f).
13
Suppose 11*h - 8*h - 2*o - 338 = 0, 0 = o + 4. What is the remainder when 453 is divided by h?
13
Let t(m) = -m**2 + 6*m + 7. Let l be t(5). Suppose -63 = 11*k + 3. Let c = l + k. Calculate the remainder when c is divided by 4.
2
Calculate the remainder when -15*(-55820)/(-500)*-5 is divided by 53.
52
Let z(n) = 95*n**2 - 6*n + 18. Let a be z(2). Let h = a - 377. Calculate the remainder when 32 is divided by h.
5
Let y(f) = -f**3 + 16*f**2 + 2*f + 21. Calculate the remainder when y(16) is divided by 5.
3
Let q(t) = -4*t**2 - 9. Let f(d) = d**2 + 3. Let y(r) = -8*f(r) - 3*q(r). What is the remainder when 73 is divided by y(2)?
16
Suppose -5*c = -15, c + 77 = 18*v - 14*v. What is the remainder when v is divided by 41/3 - 10/(-30)?
6
Let p(v) = -22*v + 155. Let d be p(7). Suppose 0 = -2*z - 4, 3*z - 85 + d = -5*n. Calculate the remainder when 115 is divided by n.
7
Let r = 21 + -36. Let p(h) = -h**2 + 18*h + 363. Calculate the remainder when (6/(-5))/(3/r) is divided by p(30).
0
Suppose -a - 3*u + 140 = 0, -124 = -a - 13*u + 18*u. Let h = a - 56. What is the remainder when h is divided by 16?
14
Let b = -13068 - -23761. What is the remainder when b is divided by 31?
29
Let v = 540 - 172. Calculate the remainder when v is divided by 80.
48
Let n(b) = -43*b - 6. Let o be n(-4). Let m = -40 + o. Suppose -28*k - 40 = -32*k + 3*w, 2*w = 16. Calculate the remainder when m is divided by k.
14
Let r = 1653 + -1629. Suppose 0 = -j - 52 - 13. Let k = 135 + j. Calculate the remainder when k is divided by r.
22
Let r = -3397 - -3646. What is the remainder when r is divided by 57?
21
Suppose 121*l + 83265 = 212*l. Calculate the remainder when l is divided by 304.
3
Let q = -1987 - -2386. What is the remainder when q is divided by 40?
39
Suppose -x - 2 = 3*v - 27, v + 152 = 4*x. What is the remainder when x is divided by 354/767*676/39?
5
Suppose -3*h = -6*h + 2*h + 34. Calculate the remainder when 117 is divided by h.
15
Suppose 2*n = 10, 2*h + 2*n = 87 + 91. Suppose -4*z = h - 636. Let a(t) = 35*t. What is the remainder when z is divided by a(1)?
33
Let c(l) = -29*l**2 + 213*l + 21. What is the remainder when 173 is divided by c(7)?
82
Let i = -76 - -144. Let w = i - 52. Calculate the remainder when 43 is divided by w.
11
Let b be (-3 + -3)*(236/(-12) - 1). Let y = b - 118. Calculate the remainder when 31 is divided by y.
1
Suppose 0 = -5*r + 107 - 7. Suppose -11*h - 25 = 8. Calculate the remainder when 175 - (5 + -3)*h/2 is divided by r.
18
Suppose -5 = m, -4*o + 3*o - 2*m + 340 = 0. Calculate the remainder when 24 is divided by o/(-200)*4/(-1).
3
Let n(a) = a**3 - 4*a**2 - 2*a + 2. Let b be n(4). What is the remainder when (3/b)/(1/(-82)) is divided by (-672)/(-64) + 7/(-2)?
6
Let b = -19502 - -19541. Let z(v) = v**3 + 5*v**2 - 3*v + 3. Calculate the remainder when z(4) is divided by b.
18
Suppose 0 = 5*n + 2*l - 236 + 176, -25 = -5*l. Calculate the remainder when 793 is divided by n.
3
Suppose -9*k + 75 = -69. Suppose -r + 3*w = -k, -2*r - 35 = -4*r + 5*w. What is the remainder when 20 is divided by (-30)/r*(-13 + 3)?
8
What is the remainder when (-7)/((-28)/1684) + -10 is divided by 137?
0
Let q(l) = 2*l**3 + 30*l**2 - 29*l - 421. Calculate the remainder when ((-6)/2 + -62)*-1 is divided by q(-15).
9
Let b(w) = -4*w + 10. Let u be b(16). Let z = -134 - u. What is the remainder when 22 is divided by -4 + 90/21 - z/14?
4
Let i = -11399 + 11522. What is the remainder when 860 is divided by i?
122
Suppose 53975 = 3*i + 48371. Calculate the remainder when i is divided by 268.
260
Let p be -2 + -2 + (-1)/(2/(-330)). Let a = p - 101. What is the remainder when 177 is divided by a?
57
Suppose -42763 = -24*j + 6797. Calculate the remainder when j is divided by 109.
103
Suppose -5*c + 4*d - 3365 + 4994 = 0, -5*c + 3*d = -1628. Calculate the remainder when c is divided by 70.
45
Suppose 0 = -5*x + 2*f + 2, 2*x = f - 2*f + 8. Suppose -i - 2*q = -4*i + 380, -x*q + 628 = 5*i. Calculate the remainder when (-24)/32 - i/(-8) is divided by 7.
1
Suppose 1809 + 1072 - 881 = 25*q. Calculate the remainder when 84 is divided by q.
4
Suppose -522 = -3*m - 5*y, -4*m - 3*y + 696 = -0*y. What is the remainder when m is divided by 48?
30
Suppose 0 = 47*r - 42*r - 145. Suppose -10*m = 8 - 28. Calculate the remainder when m + ((-176)/(-2) - 4) is divided by r.
28
Suppose -10*s + 11*s = 3*d + 97, -d + 271 = 3*s. What is the remainder when s is divided by 19?
15
Suppose -u = -6*d - 599, 0 = u + 509*d - 513*d - 593. Calculate the remainder when u is divided by 45.
41
Let m be -4 + 2/(-2)*1532/(-4). Suppose -13*z + m + 11 = 0. What is the remainder when 51 is divided by z?
21
Suppose i = -5*y + 3 + 9, -5 = -5*y. Suppose -i = 2*b - 39. Suppose u - b = -0*u. Calculate the remainder when 30 is divided by u.
14
Suppose -21*z + 302 = -24*z + 5*b, z + 124 = -3*b. Let w = z - -196. Calculate the remainder when w is divided by 30.
27
Let w = -1303 - -1344. Suppose 0 = 3*o - 14 - 16. What is the remainder when w is divided by o?
1
Let l be ((-12)/(-5))/((-15)/(-2350)). Let h = 649 - l. Calculate the remainder when h is divided by 55.
53
Suppose -4*v = -23*x + 26*x - 4902, 0 = 3*v + x - 3669. What is the remainder when v is divided by 88?
77
Suppose 4*n = 3*t + 11, 1 = 2*t + 2*n - 1. Let g be 2*41 - (3 + t). Suppose -4*m + g = 6*m. Calculate the remainder when m is divided by 4.
0
Suppose 83 = 3*v - 4*u, 4*v + 2*u - 94 = 24. Suppose 23*m - v*m = -24. Suppose m*j = -j + 125. What is the remainder when j is divided by 7?
4
Let k be -4 + (-303 - (-3 + 0)). What is the remainder when 2*(-6)/(-8)*k/(-6) is divided by 23?
7
Let x = 107 - 58. Calculate the remainder when x is divided by ((-2)/12*10 + 2)*(118 + 14).
5
Calculate the remainder when 14411 is divided by 13 - (19 - (36 - 15)).
11
Suppose 3249 = -27*w + 28413. What is the remainder when w is divided by 230?
12
Suppose 357 = -2*y + 435. Suppose -2*h - 146 = -446. What is the remainder when h is divided by y?
33
Suppose -2*v + 6 = 0, -18*b + 23*b + 5*v = 1240. What is the remainder when b is divided by 20?
5
Suppose -2*b = 3*h - 136 + 90, -2*b = 5*h - 54. What is the remainder when 2507 is divided by b?
8
Let k = 23516 + -23230. Calculate the remainder when k is divided by 14.
6
Let h(s) = s**3 - 10*s**2 - s + 815. Let r be h(0). Let q = r - 790. Calculate the remainder when q 